{"id":26,"date":"2010-03-28T11:14:46","date_gmt":"2010-03-28T10:14:46","guid":{"rendered":"http:\/\/vetesnik-as.cz\/wordpress\/?page_id=26"},"modified":"2021-04-20T07:19:36","modified_gmt":"2021-04-20T06:19:36","slug":"garaze","status":"publish","type":"page","link":"https:\/\/vetesnik-as.cz\/?page_id=26","title":{"rendered":"Gar\u00e1\u017ee, parkovac\u00ed m\u00edsta"},"content":{"rendered":"<p><strong>Gar\u00e1\u017ee :<\/strong>&nbsp;<\/p>\n<p>V na\u0161em are\u00e1lu pronaj\u00edm\u00e1me gar\u00e1\u017eovan\u00e9 st\u00e1n\u00ed.&nbsp;<\/p>\n<ul>\n<li>nab\u00edz\u00edme gar\u00e1\u017e s 220V z\u00e1suvkou a sv\u011btlem<\/li>\n<li>nab\u00edz\u00edme gar\u00e1\u017e se sv\u011btlem, bez 220V z\u00e1suvky<\/li>\n<\/ul>\n<p><strong>Parkovac\u00ed m\u00edsta :&nbsp;<\/strong><\/p>\n<p>Dal\u0161\u00ed nab\u00eddkou na\u0161eho are\u00e1lu je mo\u017enost pron\u00e1jmu parkovac\u00edch m\u00edst pro osobn\u00ed automobily. Je mo\u017en\u00fd jak kr\u00e1tkodob\u00fd tak i dlouhodob\u00fd pron\u00e1jem.&nbsp;<\/p>\n<p>&nbsp;<\/p>\n<p><a href=\"http:\/\/vetesnik-as.cz\/wordpress\/wp-content\/uploads\/2021\/04\/IMG_5587-scaled.jpeg\" rel=\"lightbox[26]\"><img loading=\"lazy\" decoding=\"async\" class=\"alignnone wp-image-717 size-thumbnail\" src=\"http:\/\/vetesnik-as.cz\/wordpress\/wp-content\/uploads\/2021\/04\/IMG_5587-150x150.jpeg\" alt=\"\" width=\"150\" height=\"150\"><\/a> <a href=\"http:\/\/vetesnik-as.cz\/wordpress\/wp-content\/uploads\/2021\/04\/IMG_5588-scaled.jpeg\" rel=\"lightbox[26]\"><img loading=\"lazy\" decoding=\"async\" class=\"alignnone wp-image-715 size-thumbnail\" src=\"http:\/\/vetesnik-as.cz\/wordpress\/wp-content\/uploads\/2021\/04\/IMG_5588-150x150.jpeg\" alt=\"\" width=\"150\" height=\"150\"><\/a> <a href=\"http:\/\/vetesnik-as.cz\/wordpress\/wp-content\/uploads\/2021\/04\/IMG_5586-scaled.jpeg\" rel=\"lightbox[26]\"><img loading=\"lazy\" decoding=\"async\" class=\"alignnone size-thumbnail wp-image-716\" src=\"http:\/\/vetesnik-as.cz\/wordpress\/wp-content\/uploads\/2021\/04\/IMG_5586-150x150.jpeg\" alt=\"\" width=\"150\" height=\"150\"><\/a><\/p>\n<p>&nbsp;<\/p>\n<p>&nbsp;<\/p>\n\n\n<p><\/p>\n\n\n\n<p><\/p>\n","protected":false},"excerpt":{"rendered":"<p>Gar\u00e1\u017ee :&nbsp; V na\u0161em are\u00e1lu pronaj\u00edm\u00e1me gar\u00e1\u017eovan\u00e9 st\u00e1n\u00ed.&nbsp; nab\u00edz\u00edme gar\u00e1\u017e s 220V z\u00e1suvkou a sv\u011btlem nab\u00edz\u00edme gar\u00e1\u017e se sv\u011btlem, bez 220V z\u00e1suvky Parkovac\u00ed m\u00edsta :&nbsp; Dal\u0161\u00ed nab\u00eddkou na\u0161eho are\u00e1lu je mo\u017enost pron\u00e1jmu parkovac\u00edch m\u00edst pro osobn\u00ed automobily. Je mo\u017en\u00fd jak kr\u00e1tkodob\u00fd tak i dlouhodob\u00fd pron\u00e1jem.&nbsp; &nbsp; &nbsp; &nbsp;<\/p>\n","protected":false},"author":1,"featured_media":0,"parent":3,"menu_order":3,"comment_status":"closed","ping_status":"closed","template":"","meta":{"ngg_post_thumbnail":0,"footnotes":""},"class_list":["post-26","page","type-page","status-publish","hentry"],"_links":{"self":[{"href":"https:\/\/vetesnik-as.cz\/index.php?rest_route=\/wp\/v2\/pages\/26","targetHints":{"allow":["GET"]}}],"collection":[{"href":"https:\/\/vetesnik-as.cz\/index.php?rest_route=\/wp\/v2\/pages"}],"about":[{"href":"https:\/\/vetesnik-as.cz\/index.php?rest_route=\/wp\/v2\/types\/page"}],"author":[{"embeddable":true,"href":"https:\/\/vetesnik-as.cz\/index.php?rest_route=\/wp\/v2\/users\/1"}],"replies":[{"embeddable":true,"href":"https:\/\/vetesnik-as.cz\/index.php?rest_route=%2Fwp%2Fv2%2Fcomments&post=26"}],"version-history":[{"count":12,"href":"https:\/\/vetesnik-as.cz\/index.php?rest_route=\/wp\/v2\/pages\/26\/revisions"}],"predecessor-version":[{"id":730,"href":"https:\/\/vetesnik-as.cz\/index.php?rest_route=\/wp\/v2\/pages\/26\/revisions\/730"}],"up":[{"embeddable":true,"href":"https:\/\/vetesnik-as.cz\/index.php?rest_route=\/wp\/v2\/pages\/3"}],"wp:attachment":[{"href":"https:\/\/vetesnik-as.cz\/index.php?rest_route=%2Fwp%2Fv2%2Fmedia&parent=26"}],"curies":[{"name":"wp","href":"https:\/\/api.w.org\/{rel}","templated":true}]}}

Garáže, parkovací místa

<p><strong>Garáže :</strong>&nbsp;</p>
<p>V našem areálu pronajímáme garážované stání.&nbsp;</p>
<ul>
<li>nabízíme garáž s 220V zásuvkou a světlem</li>
<li>nabízíme garáž se světlem, bez 220V zásuvky</li>
</ul>
<p><strong>Parkovací místa :&nbsp;</strong></p>
<p>Další nabídkou našeho areálu je možnost pronájmu parkovacích míst pro osobní automobily. Je možný jak krátkodobý tak i dlouhodobý pronájem.&nbsp;</p>
<p>&nbsp;</p>
<p><a href="http://vetesnik-as.cz/wordpress/wp-content/uploads/2021/04/IMG_5587-scaled.jpeg" rel="lightbox[26]"><img loading="lazy" decoding="async" class="alignnone wp-image-717 size-thumbnail" src="http://vetesnik-as.cz/wordpress/wp-content/uploads/2021/04/IMG_5587-150x150.jpeg" alt="" width="150" height="150"></a> <a href="http://vetesnik-as.cz/wordpress/wp-content/uploads/2021/04/IMG_5588-scaled.jpeg" rel="lightbox[26]"><img loading="lazy" decoding="async" class="alignnone wp-image-715 size-thumbnail" src="http://vetesnik-as.cz/wordpress/wp-content/uploads/2021/04/IMG_5588-150x150.jpeg" alt="" width="150" height="150"></a> <a href="http://vetesnik-as.cz/wordpress/wp-content/uploads/2021/04/IMG_5586-scaled.jpeg" rel="lightbox[26]"><img loading="lazy" decoding="async" class="alignnone size-thumbnail wp-image-716" src="http://vetesnik-as.cz/wordpress/wp-content/uploads/2021/04/IMG_5586-150x150.jpeg" alt="" width="150" height="150"></a></p>
<p>&nbsp;</p>
<p>&nbsp;</p>


<p></p>



<p></p>

<p>Garáže :&nbsp; V našem areálu pronajímáme garážované stání.&nbsp; nabízíme garáž s 220V zásuvkou a světlem nabízíme garáž se světlem, bez 220V zásuvky Parkovací místa :&nbsp; Další nabídkou našeho areálu je možnost pronájmu parkovacích míst pro osobní automobily. Je možný jak krátkodobý tak i dlouhodobý pronájem.&nbsp; &nbsp; &nbsp; &nbsp;</p>
